m**3/3 - 24. Let t(i) be the third derivative of y(i). Is t(-5) prime?
False
Let u = -911 - -589. Let c = u + 648. Suppose -3*k + 815 - c = 0. Is k composite?
False
Suppose -5*b + 4*k + 3237747 = 0, -5*k - 1454790 = -2*b - 159698. Is b a composite number?
False
Let q(a) = 3*a - 81. Let w be q(25). Let p(g) = -2*g**3 + g**2 - 27*g - 11. Is p(w) prime?
True
Is ((-5361096)/936)/((-2)/42) a composite number?
True
Let w be 15/3 + -7 - -4. Suppose q + 27212 = -w*s + 6*s, -q = s - 6803. Is s prime?
True
Let z(g) = 21703*g**2 + 34*g + 32. Is z(-1) a composite number?
False
Let q = 4080 - 30945. Let g = q + 46388. Is g a composite number?
True
Let g(c) = 31*c + 169*c + 7 - 37*c + 23*c. Is g(11) a prime number?
True
Suppose -6*h + 3*h + 9 = -3*g, h + 1 = 5*g. Suppose 2228 = 4*l + h*m, -l + 0*m = 4*m - 569. Is l a prime number?
False
Suppose -8*j - 12 = -11*j. Suppose 6*l - 78 = j*l. Let w = -28 + l. Is w a prime number?
True
Let z(n) = 11*n**3 - 5*n**2 - 8*n + 4. Let w be z(5). Let m be ((-18004)/(-28))/((-2)/(-2)). Let h = w - m. Is h a composite number?
False
Suppose g + 3*o - 18 = -0*o, 4*g - 2*o = 16. Suppose 0*y + g*y = 4254. Is y a composite number?
False
Suppose -2*t + 398 = -124. Suppose k - t = 1100. Is k a prime number?
True
Is 121487*((12 - 6) + -3) prime?
False
Suppose 20*o - 4210537 - 4060993 + 2903430 = 0. Is o a prime number?
False
Suppose 1 - 9 = -2*y. Suppose y*j - 2224 = -2*x, 7*x - 9*x = -j + 546. Is j composite?
True
Is 182/819 - (-5 + 3)*2614237/18 composite?
False
Let c = 211676 + -33543. Is c a prime number?
False
Suppose 5*x + 10*x = -55890. Let d = x + 7021. Is d a composite number?
True
Is (-9)/99 - 26460/(-55) a composite number?
True
Is ((-1)/(-1 + 0))/((-1023)/(-18237021)) a composite number?
False
Suppose -z = -5*z + 2*u + 22, 2*u + 13 = z. Suppose -1070 - 10456 = -3*j + 5*r, 3*j = -z*r + 11550. Is j prime?
True
Let p(j) = 29*j + 8. Let s be p(16). Is s - -2 - (1 + 6) prime?
True
Suppose 4*l - 2*h = 3250520, -3*l + 32*h - 31*h = -2437887. Is l a composite number?
False
Let m = 1723 + 1033. Let i = 1037 + m. Is i prime?
True
Let z(b) = -13*b**2 + 8*b**2 + 53 - 40*b + 12*b**2. Is z(30) composite?
False
Let p(w) = -w**3 + 32*w**2 - 31*w + 4. Let u be p(31). Suppose 17 + 19 = 3*n. Suppose -u*z - n = -104. Is z a composite number?
False
Suppose -7*h - 770930 = -17*h. Is h composite?
False
Let j = 57 - 48. Suppose 28 = j*a - 2*a. Is 1/a - (-3626)/56 a composite number?
True
Suppose 36*q - 41096 = 25*q. Suppose 24*i = 16*i + q. Is i prime?
True
Let c(u) = -4*u**3 - 35*u**2 - 24*u - 86. Is c(-21) prime?
True
Suppose 0 = -136*j + 20740575 + 7498057. Is j a composite number?
True
Let i be (3 + -4)/(5/(-410)). Let b = i - 75. Is b*(-1 - (0 - 6)) a prime number?
False
Let m(x) = -x - 12. Let v be m(-10). Let n(q) = -270*q - 9. Let w(k) = -1351*k - 44. Let a(c) = v*w(c) + 11*n(c). Is a(-4) a composite number?
False
Suppose 0 = q - 83*s + 80*s - 37028, -4*q + s = -148178. Is q prime?
False
Is 3577305/25 - ((-9)/(-15))/(9/(-12)) prime?
True
Suppose 11*a + 263114 = 14085. Let f = -12846 - a. Is f a composite number?
True
Suppose -11*c - 85935 + 17702 = 0. Let n = 2310 - c. Is n prime?
True
Let h = 4634 - 2150. Suppose -h = -2*n - 926. Suppose -2*u = 5*w - 2393, 2*u + n + 660 = 3*w. Is w a prime number?
True
Suppose -279*k = -140*k - 154*k + 1282035. Is k composite?
False
Suppose 2*n - 2 = 0, -5*h - 5*n + 549 + 2801 = 0. Is h composite?
True
Suppose -16 = i - g - 2, 0 = 3*i - 2*g + 47. Let w(b) = 2*b**3 + 19*b**2 + 17*b + 22. Let o(c) = -c**3 + c + 1. Let v(r) = -o(r) - w(r). Is v(i) prime?
False
Suppose -19*u = 15*u - 12*u. Suppose -5*i + 11*i - 9474 = u. Is i a prime number?
True
Suppose 1706 = 5*p - 4469. Suppose -9 = 4*i - 25. Suppose i*h = p + 849. Is h prime?
True
Let r(d) = 19347*d**2 + 156*d + 16. Is r(7) a prime number?
True
Suppose 0 = -4*w - 2*b + 6, 2*b + 2 = w + 3. Is -4 + 1166 - (-2 - w) composite?
True
Let s = 41387 - 22268. Is s prime?
False
Let s(z) = z. Let h(f) = f - 34. Let y(p) = -h(p) - 4*s(p). Let o be y(6). Is (-4300)/(-24) - o*(-4)/(-96) a composite number?
False
Suppose 8*v = 9*v - 6. Suppose 3*t - 28 = -5*y + 12, -2*t = -5*y - 10. Suppose -t*o + v*o = -156. Is o prime?
False
Suppose 0 = 5*b + 429 - 3989. Suppose 3*c = -5*c + b. Suppose -88*h + c*h - 43 = 0. Is h composite?
False
Let y(n) = 9*n**2 + 10773. Let g(j) = -4*j**2 + j - 1. Let v(o) = 2*g(o) + y(o). Is v(0) a composite number?
False
Suppose 0 = -4*z + 18 + 146. Let x = z - 39. Suppose 3*n + 15 = 0, 3*f + 36 = 4*f + x*n. Is f prime?
False
Suppose -5*o - 4*c = -3, -5*o + o + 2*c = -18. Suppose -3*d - 2*j = -74083, -11*d + o*j + 98749 = -7*d. Is d prime?
True
Let v(s) = 3068*s + 136. Let c be v(-4). Let l = c - -17805. Is l a prime number?
True
Suppose -548995 = -q + 3*b, -46*b - 548979 = -q - 51*b. Is q a composite number?
True
Let w be (-3)/(63/2) + 246/(-63). Is 1165*(-6)/15*34/w a composite number?
True
Let x be -1 + -12 - 68/(-17). Let n(q) = 3*q**3 - 5*q**2 - 5*q + 9. Let s(t) = 5*t**3 - 11*t**2 - 10*t + 19. Let j(d) = -7*n(d) + 4*s(d). Is j(x) composite?
True
Suppose 0 = -2*m + m + 2*q, -m + 3*q - 2 = 0. Is 3561*((-3)/(-2) - m/(-24)) prime?
False
Suppose 4*s - 25865 = j, -2*j - 2*j + 25860 = 4*s. Is 6 + (s - 5)/1 a composite number?
True
Suppose 0*r + 10 = -2*r - 2*c, 5*c + 15 = 0. Let a(n) = -27*n - 98*n - 28755 + 28758. Is a(r) composite?
True
Suppose 0 = -811*m + 804*m - 651. Is (-62)/m - (-8762)/6 composite?
True
Let p(o) = o**2 + 2*o - 4. Let c be p(3). Let g be (-3)/(-2)*(c + -7). Suppose g*m = 3281 - 71. Is m composite?
True
Let h be (2834/4)/13*14. Suppose l - h = 5*r - 6801, l = -4*r + 4825. Is r composite?
True
Let f be 8/(-10)*(-4 + 3/2). Suppose 2*h + 25 = 5*c, -f*h + 0 = 3*c - 15. Suppose -4*p = c*x - 1321, 2*x - 150 = -p + 181. Is p a composite number?
True
Let y be ((-118)/8)/(2/(-8)). Let t = -59 + y. Suppose -5*x - 3*k + 4945 = t, 4*x + 2*k - 4945 = -x. Is x a composite number?
True
Let q(g) = -2*g**3 + 29*g**2 + 15*g + 6. Let f be q(15). Is 3 - f - 2 - -1662 a prime number?
True
Let c = -336 - -342. Suppose -c*b = -3518 - 1168. Is b a prime number?
False
Let w(f) = -2*f + 6. Let r be w(12). Is (-4)/5*143595/r composite?
True
Let m be ((-2)/(2/1))/(15/(-150)). Let q(p) = 7*p**2 - 33*p + 9. Is q(m) a prime number?
True
Is (-6 + (-48)/(-18))/(36/(-327942)) a prime number?
False
Let x = 65264 - -95801. Is x a composite number?
True
Suppose 52 + 18 = 7*x. Let d(a) = 59*a**2 - 7*a + 9. Is d(x) a prime number?
True
Let p(d) be the second derivative of 17*d**3/3 + 37*d**2/2 + d. Is p(12) a prime number?
False
Let c = 1836 - -1097. Suppose -i = -4*m + 8398, 5*m - 7564 = i + c. Is m prime?
True
Suppose -3*v + 8*v = 2*b + 25, 25 = 5*v - b. Let f(p) = 205*p - 8. Let m be f(9). Suppose m = v*u - 7158. Is u prime?
False
Let d(a) be the third derivative of 127*a**5/30 + a**4/24 + 4*a**3 + a**2 + 5*a. Is d(5) a composite number?
False
Let o be 268/(-2) - -11*(-16)/44. Let a = o - -337. Is a prime?
True
Let p be 6/24 + (-33)/(-12). Suppose p*w - 3087 = -258. Is w a prime number?
False
Suppose -8*z + 4*z = -8. Let p(f) = -3 - 6*f + 5*f + 110*f**2 + 38*f**2. Is p(z) a prime number?
True
Let u be -4*(-2)/((-12)/(-6)). Suppose 24114 = u*f - 17162. Is f a prime number?
False
Suppose y = -5*v - 6, 7*v - 28 = -5*y + 11*v. Suppose 0 = 2*t - 5 + 1, -y*t + 24124 = 4*s. Is s a prime number?
True
Let q = -16911 - -31724. Is q a prime number?
True
Let d = -72 - -102. Suppose z - 100 = -d. Suppose 2*a - 64 = z. Is a composite?
False
Let z(a) be the third derivative of 0*a - 1/120*a**6 + 0 + 8*a**2 - 7/24*a**4 + 11/60*a**5 - 5/6*a**3. Is z(9) prime?
False
Suppose -5*q + 22 - 7 = 0. Let v(b) = 51*b - 11 - 12*b + 1399*b. Is v(q) a composite number?
True
Suppose 0 = -5*k + 1136 - 6. Let t = -151 + k. Let o = t + -52. Is o a composite number?
False
Let s(l) = 3*l**2 - 3*l + 1. Let w be s(-3). Suppose -2*z - 8 = 0, -41*h + w*h - z = -24952. Is h a composite number?
True
Suppose 1 + 19 = a. Suppose -a*j = -23*j. Suppose 0 = l + o - 667, -4*o + 0*o = j. Is l composite?
True
Let x = -557 + 553. Is (-7 - x)*((-17265)/9)/5 prime?
True
Let b = 1084 + -759. Is (4*b - -3)/(8/24) composite?
True
Let i = -78265 + 157044. Is i prime?
True
Let y(k) = -93*k + 57. Let h be y(-13